)?
3
What is (-3 + 3 - 6) + (47 - 28 - 21)?
-8
What is -11 - (-1 - (15 - 7 - 7))?
-9
Calculate (100 - 111) + -8 - ((-5 - -1) + 0).
-15
Calculate 2 + -8 - (-36 - -9 - -13 - -13).
-5
Evaluate 8 + 8 + -57 + 18.
-23
7 + (9 - 36 - -19) + (2 - -4)
5
Evaluate 3 - (3 + (-3 + 6 + -4 - 7)).
8
What is the value of (9 - 6) + (-1 + -5 - -8) - 12?
-7
What is -1 + 1 + 60 + -69?
-9
What is (-4 - -1) + 15 + -11?
1
What is the value of -1 + 7 + 0 - (571 + -557)?
-8
-4 - (15 - 15 - -5)
-9
Evaluate (7 - (3 + -1)) + (11 - (-1 - -3)).
14
What is -3 - -4 - -28 - (5 - (-32 - -39))?
31
What is (2 - 2) + 0 - (109 + -117)?
8
Evaluate 49 + -31 - ((-3 - -4) + 7).
10
Evaluate -9 + -8 + -3 + 43 + -43.
-20
9 - (-4 + 12 + -13 - (6 - 1))
19
What is the value of 10 - (7 + -6 + 5)?
4
What is 6 - (5 - (-4 + 7 + 0 + 4))?
8
What is the value of (-8 - -14) + 2 - 2?
6
What is -4 + -37 + 29 - (-5 - -5)?
-12
Calculate -25 + -8 + 38 - -15.
20
Evaluate -1 + -2 + -16 + (6 - -5) + 35.
27
Calculate -1 - (1 - 8) - (-11 - (15 - 21)).
11
47 - 37 - (46 + -20)
-16
-17 + (18 - (-5 - -11))
-5
Calculate -13 - ((-28 - 2) + 93 + -94).
18
Evaluate -9 - (2 - (-3 + 17 + (-10 - -4))).
-3
Calculate (17 - (-17 + 15 - -41)) + (2 - -1).
-19
Evaluate (27 - (18 + -15 - -10)) + -2 + -1.
11
(-13 - -15 - -26) + -13
15
What is the value of 10 - (4 + 5) - (-4 - (2 + 1))?
8
Calculate (-61 - -75) + (4 - -1) - (-6 - -14).
11
What is the value of (23 + -30 - -30) + -33?
-10
Calculate -2 + 2 + 4 + (-55 - (28 - 55)).
-24
22 + -25 + (2 + (-4 - -2) - 2)
-5
Evaluate 0 + -15 + -1 + 3.
-13
What is 4 - (-12 - -4 - (-3 - (5 - -10)))?
-6
What is -11 + (17 - 6) - 9?
-9
What is -1 + 4 + (-11 + 6 - 7 - -6)?
-3
Calculate (22 + -13 - 17) + -1.
-9
-7 - -1 - -15 - 11 - -7
5
What is 3 + -1 + 2 + -3 - (191 + -177)?
-13
40 + 7 + -24 - (0 - -12)
11
What is the value of (42 - 47 - -31) + (-3 + 0 - 0)?
23
Calculate 2 + -6 - (-3 + -5).
4
Calculate -104 + 112 - (13 - 1 - 1).
-3
What is the value of (0 - (7 + -4)) + 7 + (6 - 10)?
0
Evaluate 191 + -207 - (5 + -4).
-17
-9 + (-6 - (-12 - (-9 - -14))) + -9
-7
What is the value of 19 + (-22 - 7 - (-23 - -17))?
-4
What is the value of -1 + (7 - (-8 - -17)) + 1?
-2
What is the value of -30 - ((-5 - -10) + -10) - 1?
-26
What is the value of (4 + 3 - 11) + 32 - 13?
15
What is (27 - -54 - 72) + -8 + -1?
0
17 + -125 + 115 + 11 + -1
17
What is -4 - (2 - (19 + 0))?
13
What is 14 - 30 - (2 + -5)?
-13
What is the value of (6 - 0) + 6 + (-1 - 2) + 3?
12
What is (7 - 12) + 13 + -1 + 14 + 0?
21
What is 14 + (-9 + 16 - 8 - 3)?
10
5 + 4 + -1 - (0 - 1)
9
Evaluate 9 + -10 + 5 + 2 + -1 + -2.
3
What is -2 + (-2 + 0 - (-29 - 8 - -41))?
-8
What is the value of 34 + -1 - (1074 - 1044)?
3
Evaluate -17 + -1 - (1440 + -1465).
7
Calculate 22 + -1 - (5 + 3 + -1 + -10).
24
Calculate (76 - 68) + (-8 - 3) + -1.
-4
0 + 24 + -13 - (-4 - (0 + 1))
16
What is 11 - (-4 - -8 - -3)?
4
-8 + 9 + (16 - 26)
-9
Evaluate -46 - 0 - (-745 - -716).
-17
Calculate -4 - (1 - (-1 + 1 + 4)).
-1
What is the value of -1 - (-18 - 6 - -11)?
12
What is the value of -6 + 9 + (-19 + -4 - -3)?
-17
Evaluate -2 + 7 - (-59 - -50).
14
(17 - -6) + (-27 - -6)
2
Calculate 2 + (-1 + 13 - (12 + -18 - -9)).
11
Calculate -22 + (-1 - (-53 - -23)).
7
Evaluate -19 + 4 - (5 - 28).
8
What is -5 - -1 - (-8 + -3 + (-3 - -22))?
-12
Evaluate 35 + (15 - 45) + (-1 - -2) + -2.
4
Evaluate -27 - -2 - (-682 + 683).
-26
What is the value of 11 - (3 + 11 - (45 + -53) - -7)?
-18
-71 + 57 + (1 - -13 - -8)
8
What is the value of (9 - 2) + (3 - -3) + (-22 - -12)?
3
What is -17 + 2 + 4 - -6 - 9?
-14
-14 - (-4 + 2) - (100 + -34 - 61)
-17
Evaluate 100 + -92 - (1 - -1).
6
What is (-14 - -24) + -16 + -3 + -1 - 2?
-12
What is 7 + 1 - (-26 + (16 - -17))?
1
Evaluate 0 - -22 - (1216 + -1186).
-8
5 - 10 - (0 + -3 + -1 + -3)
2
What is -6 + (4 + -7 + 8 - -3)?
2
What is the value of -1 - 16 - (-10 - ((6 - 8) + -3))?
-12
Evaluate 16 + -12 + -39 + 13.
-22
Evaluate -1 + (5 - (-4 - -3)) + -2 + -4.
-1
Calculate (28 - 35) + 11 + -5.
-1
Evaluate 19 + (1 - 2) - (100 + -98).
16
Evaluate -4 + -25 + 46 + -24.
-7
(-1 - 6) + -13 - -10
-10
9 - (-9 - 0 - -18 - 7)
7
What is 19 - (4 - 12) - 16?
11
Evaluate (-15 - -19) + (4 - (1 + 3) - 7).
-3
Calculate 0 + -2 - 3 - -2 - (391 - 383).
-11
-9 - (15 + -40 + 14)
2
Evaluate -13 + (1 - (9 + -8) - -13).
0
What is 0 + 7 + 0 + 0 + -33 + 28?
2
What is 2 + (6 - 1 - -10 - (-15 + 13))?
19
Calculate -9 + -23 - -16 - (-25 + 2).
7
Calculate 1 + (-8 - -3) - -10 - 17.
-11
Evaluate (173 - 172) + 0 + -6.
-5
What is 9 + -2 - (9 + -9) - 5?
2
3 + -25 + 7 + 11 + -8
-12
What is -24 - (-1 + (-47 + 43 - (1 + 1)))?
-17
Calculate -3 - (11 - 7) - -9.
2
(5 - 15) + -3 + -7 + 6 + -1
-15
(9 + -24 - (-4 - 10)) + 36
35
What is 27 - 55 - (-12 - -1) - -45?
28
-2 + 12 + (-36 - -9) + 4 + 2
-11
Calculate 9 - (-14 + 4 + 13).
6
What is the value of -16 + (10 + -4 + 0 - (8 + -7))?
-11
Evaluate 6 - (1 + -1 - (26 + -40)).
-8
Calculate (-8 - (-5 - -16) - -8) + 26.
15
Evaluate (-7 - 1) + 82 + -81.
-7
Evaluate (-25 - (-17 - 20)) + 4.
16
9 + 3 + -3 + (4 + -4 - 4)
5
Evaluate (49 - -20) + (-96 - -62).
35
Evaluate 5 - 1 - ((30 - 14) + -8).
-4
-14 + (11 - -3) + 3 + 1
4
What is the value of 0 + (-9 - -1) + (-20 - -32) + -5?
-1
(1 - 20) + -15 + 46
12
What is (-1 - (17 - 7 - 10)) + 14?
13
Evaluate (54 - 32) + 4 + -25.
1
10 - (15 + (14 - 16))
-3
0 - ((0 - -15) + -28 + 11)
2
9 + (-3 - 9) + -6 - (0 + -4)
-5
What is the value of 17 - (19 + -13) - 12?
-1
(2 - 20 - (-18 - -7)) + -1
-8
Evaluate (1 + -22 - (-115 - -112) - 1) + 2.
-17
Calculate 44 + -47 - (5 + -9 - -6).
-5
Calculate 4 + (-44 - (7 + -31)).
-16
What is the value of -18 + (19 - (2 - -8))?
-9
Evaluate 7 + 2 + -7 + (1 - -3) - -2.
8
Calculate -20 - ((2 - (0 - -12)) + 8).
-18
-11 - (-2 - (-9 - (-3 + -3)))
-12
What is the value of (2 - -21) + (-1 + 33 - 33)?
22
Evaluate 4 + -1 + -21 + 20.
2
2 + 3 + 2 + (8 - (23 + -8))
0
What is the value of (-25 - -27) + (1 - 1) + -7 - -11?
6
What is 3 - (2 - (7 - 19))?
-11
What is (-15 - 21) + 25 + -8?
-19
What is the value of -25 + 22 - 5 - (2 - 0)?
-10
Calculate (30 - 18 - 36) + 16.
-8
Evaluate 7 - (1 + (-30 - -47)).
-11
-1 + -3 - (20 + -50 + 14 + 4)
8
Evaluate (-44 - -47) + (3 + 13 - (5 - 2)).
16
What is the value of 4 - (-22 + 9 + (-12 - -15))?
14
What is the value of (42 + -27 - 37) + 49?
27
18 - (-27 + 30 + 5 + 3)
7
11 + (5 - (16 + 7 + -7 + -10))
10
455 + -454 + -2 + 25
24
68 + 8 + (11 - 30) - 19
38
Calculate -11 + 1 + 2 + (-32 - -27) + -3.
-16
Calculate 8 - (-47 - -69 - (3 - 0)).
-11
Calculate (-3 - (-5 + -7 - (-5 - -1))) + -7.
-2
What is (14 - (16 - (-12 + 17))) + -25?
-22
Calculate -26 + 69 + 5 + -20.
28
What is -2 - (2 + 19 - (20 + (-5 - 13)))?
-21
What is -53 - -22 - -24 - 3?
-10
42 - (45 + (30 - 51))
18
Calculate (31 - 56) + (-2 + 6 + 2 - 2).
-21
What is -2 - (-3 + -6) - (198 - 196)?
5
What is the value of 5 + 6 + (-19 - (-4 + 1 + 4))?
-9
What is the value of 16 - (0 + 6 - (13 + -8 - 5))?
10
Evaluate -3 + (9 - (-1 - (-10 - -5))).
2
What is the value of -69 + 83 + (2 - 9)?
7
(30 - (45 + -4)) + -24
-35
(-6 + 3 - 0) + 3 + 9 + -11
-2
What is the value of 0 - -8 - (11 + -22 + 11 + 0)?
8
Calculate -2 + -1 + 1 + 13 - (21 - 15).
5
Evaluate 12 + -15 + (7 - (10 + -9)).
3
(-36 - 3 - -29) + 19 + 0
9
Evaluate -1 + 3 + -13 - (-3 - -3).
-11
-5 - (-14 - -6 - 2)
5
Evaluate -897 - -904 - ((0 - 20) + (-1 - 0)).
28
Evaluate (-2 - 8) + (-30 - -14) + 29.
3
What is -186 + 187 + (23 - (-2 - 4 - -4))?
26
What is 10 + -5 + (-10 - 3)?
-8
-1 + 2 + 4 - (133 + -165)
37
(-5 - -8) + (-1 - -2) + -13
-9
What is (1 - -1 - (-34 + -4 + 27)) + -1?
12
Evaluate -6 - 3 - (20 - 12) - (-3 + -4).
-10
What is 13 + -15 + -74 + 40?
-36
Calculate -7 - -4 - (0 + 5 - -4).
-12
Calculate (-6 - -4) + (-4 - (-10 - -7)).
-3
-3 + 1 - (-2 + (-9 - (-2 - 5)))
2
0 - (-9 + -2 + 5)
6
3 + 7 + -9 + -9 - -18
10
Evaluate (24 - 2 - 1) + 5 + -13.
13
(1 - 9) + (-36 - (-60 + -5))
21
Calculate (16 - (25 + -9)) + 14.
14
What is 53 - (6 - -57) - (11 + (1 - 2))?
-20
(53 - (-46 - -110)) + (-9 - (2 + -3))
-19
30 + -18 + -7 - -12
17
-2 - (2 - (-4 - -1)) - -17
10
What is the value of (-20 + 31 - 29) + 38?
20
What is the value of 7 + -12 - -4 - (-7 + -2)?
8
What is the value of 24 + -19 + -18 - 5?
-18
4 - 3 - (3 + -3)
1
What is -10 + (8 - (26 + -2 - 6) - -5)?
-15
Calculate (-29 - -15) + (24 - -3 - 5).
8